{"id":6594,"date":"2024-01-22T10:46:03","date_gmt":"2024-01-22T10:46:03","guid":{"rendered":"https:\/\/aktion-eichhoernchen.de\/wp_aktion\/?page_id=6594"},"modified":"2024-01-22T10:46:03","modified_gmt":"2024-01-22T10:46:03","slug":"verein-2021-mitglieder-und-finanzen","status":"publish","type":"page","link":"https:\/\/aktion-eichhoernchen.de\/wp_aktion\/?page_id=6594","title":{"rendered":"Verein &#8211; 2021 Mitglieder und Finanzen"},"content":{"rendered":"\n<p><strong>Neuigkeiten Stand 09.11.2021:<\/strong><\/p>\n\n\n\n<p>Das erste richtige Gesch\u00e4ftsjahr des Vereins geht dem Ende entgegen, 2020 waren ja nur 7 Tage (Gr\u00fcndung war am 24.12.2020), wir geben jetzt schon mal einen \u00dcberblick \u00fcber den gesch\u00e4ftlichen Teil:<br>Der Verein verf\u00fcgt Stand 09.11.2021 \u00fcber 15 Mitglieder, davon 7 Gr\u00fcndungsmitglieder und 8 Personen, die im Laufe des Jahres um Aufnahme gebeten hatten.<br>Der Verein steht wirtschaftlich hervorragend da, zum Ende des Jahres wird voraussichtlich ein ordentliches Guthaben vorhanden sein &#8211; nat\u00fcrlich liegt es nicht im Interesse des Vereins und seiner Zielsetzung, Geld zu horten, wir haben aber dieses Jahr eher vorsichtig agiert, weil wir erstens nat\u00fcrlich die Nu\u00dfspendenlage in Vorbereitung der neuen Saison nicht einsch\u00e4tzen konnten, und zweitens lieb\u00e4ugeln wir mit einem anderen oder gr\u00f6\u00dferen Auswilderungsgehege, und das braucht Geld.<\/p>\n\n\n\n<p>Hier gibts mal einen \u00dcberblick \u00fcber die bisherigen Summen, die Identit\u00e4t der Spender geben wir nat\u00fcrlich nicht preis:<\/p>\n\n\n\n<p>Einnahmen:<br>96,00 Vereinsbeitr\u00e4ge<br>194,00 Honorare f\u00fcr Vortr\u00e4ge<br>2.487,- Spenden<br>0,01 PayPal Testumsatz<br>2.777,01 Summe Einnahmen<\/p>\n\n\n\n<p>Ausgaben:<br>27,98 Tiertrageboxen<br>30,98 H\u00f6rnchen-Notfallhandy<br>44,00 Webdomains\/Hosting<br>34,99 Werbemittel (Visitenkarten\/Aufkleber)<br>153,93 gezahlte Spenden (Wildwald Gehege)<br>170,85 Tierarztkosten<br>390,53 Verbrauchsmaterial (N\u00fcsse, Medikamente)<br>10,- Bankgeb\u00fchren<br>863,26 Summe Ausgaben<\/p>\n\n\n\n<p>2.777,01 \u20ac Einnahmen abzgl. 863,26 \u20ac Ausgaben = 1.913,75 \u20ac Guthaben<\/p>\n\n\n\n<p>Es kommt noch die eine oder andere Rechnung, z.B. haben wir das Webhosting zu einem guten Teil aus der eigenen Tasche bezahlt, wir brauchen auch bald Fox Valley Milchpulver, da hatten wir noch einen Vorrat aus Vorvereinszeiten, au\u00dferdem brauchts nur ein H\u00f6rnchen, das mal eine Gasnarkose ben\u00f6tigt (z.B. bei einem Eingriff), dann wirds schnell teuer\u2026und wie oben schon ausgef\u00fchrt, Ziel w\u00e4re eine Vergr\u00f6\u00dferung des vorhandenen Geheges oder vielleicht sogar ein weiteres Gehege, vielleicht noch etwas ruhiger, abseits von Geschrei und Gedankenlosigkeit. Und zu guter letzt: die steigenden Spritpreise machen uns auch ganz sch\u00f6n zu schaffen, bisher zahlen wir die Tankf\u00fcllungen f\u00fcr unsere t\u00e4glichen (!) Fahrten nach Vo\u00dfwinkel (33 Kilometer eine Strecke) noch ganz aus der eigenen Geldb\u00f6rse. \u00d6PNV ist keine Option, Fahrrad auch nicht, wir haben schon alles hin- und her\u00fcberlegt. Und Schrebi und unsere bisherigen Sch\u00fctzlinge einfach sich selbst \u00fcberlassen\u2026klingt immer noch nicht gut.<\/p>\n","protected":false},"excerpt":{"rendered":"<p>Neuigkeiten Stand 09.11.2021: Das erste richtige Gesch\u00e4ftsjahr des Vereins geht dem Ende entgegen, 2020 waren ja nur 7 Tage (Gr\u00fcndung war am 24.12.2020), wir geben jetzt schon mal einen \u00dcberblick <a class=\"more-link\" href=\"https:\/\/aktion-eichhoernchen.de\/wp_aktion\/?page_id=6594\">Continue Reading &rarr;<\/a><\/p>\n","protected":false},"author":1,"featured_media":0,"parent":0,"menu_order":0,"comment_status":"closed","ping_status":"closed","template":"","meta":{"footnotes":""},"class_list":["post-6594","page","type-page","status-publish","hentry"],"_links":{"self":[{"href":"https:\/\/aktion-eichhoernchen.de\/wp_aktion\/index.php?rest_route=\/wp\/v2\/pages\/6594","targetHints":{"allow":["GET"]}}],"collection":[{"href":"https:\/\/aktion-eichhoernchen.de\/wp_aktion\/index.php?rest_route=\/wp\/v2\/pages"}],"about":[{"href":"https:\/\/aktion-eichhoernchen.de\/wp_aktion\/index.php?rest_route=\/wp\/v2\/types\/page"}],"author":[{"embeddable":true,"href":"https:\/\/aktion-eichhoernchen.de\/wp_aktion\/index.php?rest_route=\/wp\/v2\/users\/1"}],"replies":[{"embeddable":true,"href":"https:\/\/aktion-eichhoernchen.de\/wp_aktion\/index.php?rest_route=%2Fwp%2Fv2%2Fcomments&post=6594"}],"version-history":[{"count":3,"href":"https:\/\/aktion-eichhoernchen.de\/wp_aktion\/index.php?rest_route=\/wp\/v2\/pages\/6594\/revisions"}],"predecessor-version":[{"id":6599,"href":"https:\/\/aktion-eichhoernchen.de\/wp_aktion\/index.php?rest_route=\/wp\/v2\/pages\/6594\/revisions\/6599"}],"wp:attachment":[{"href":"https:\/\/aktion-eichhoernchen.de\/wp_aktion\/index.php?rest_route=%2Fwp%2Fv2%2Fmedia&parent=6594"}],"curies":[{"name":"wp","href":"https:\/\/api.w.org\/{rel}","templated":true}]}}