{"id":641,"date":"2021-02-04T12:57:00","date_gmt":"2021-02-04T12:57:00","guid":{"rendered":"https:\/\/aktion-eichhoernchen.de\/wp_aktion\/?page_id=641"},"modified":"2026-03-03T12:45:36","modified_gmt":"2026-03-03T12:45:36","slug":"verein","status":"publish","type":"page","link":"https:\/\/aktion-eichhoernchen.de\/wp_aktion\/?page_id=641","title":{"rendered":"Verein"},"content":{"rendered":"\n<figure class=\"wp-block-image size-large is-resized\"><img loading=\"lazy\" decoding=\"async\" width=\"314\" height=\"275\" src=\"https:\/\/aktion-eichhoernchen.de\/wp_aktion\/wp-content\/uploads\/2021\/02\/Logo-AktionEichhoernchen.jpg\" alt=\"\" class=\"wp-image-643\" srcset=\"https:\/\/aktion-eichhoernchen.de\/wp_aktion\/wp-content\/uploads\/2021\/02\/Logo-AktionEichhoernchen.jpg 314w, https:\/\/aktion-eichhoernchen.de\/wp_aktion\/wp-content\/uploads\/2021\/02\/Logo-AktionEichhoernchen-300x263.jpg 300w\" sizes=\"auto, (max-width: 314px) 100vw, 314px\" \/><\/figure>\n\n\n\n<p>Wir haben unseren Verein \u201eAktion Eichh\u00f6rnchen e.V.\u201c im Dezember 2020 gegr\u00fcndet und wollen damit unseren Einsatz f\u00fcr die europ\u00e4ischen Eichh\u00f6rnchen auf solide F\u00fc\u00dfe stellen und mehr erreichen als Einzelpersonen. Der Verein ist unter <\/p>\n\n\n\n<ul class=\"wp-block-list has-blue-color has-text-color\">\n<li>Nr. VR2434 beim Vereinsregistergericht Hamm eingetragen,<\/li>\n<\/ul>\n\n\n\n<ul class=\"wp-block-list has-blue-color has-text-color\">\n<li>Steuernummer beim FA Dortmund\/Unna 317\/5920\/2147, die Gemeinn\u00fctzigkeit ist anerkannt und wurde am 22.04.2025 bis <strong>2028<\/strong> best\u00e4tigt,<\/li>\n<\/ul>\n\n\n\n<ul class=\"wp-block-list has-blue-color has-text-color\">\n<li>IBAN lautet DE47 4416 0014 6625 2876 00, BIC GENODEM1DOR<br>Kontoinhaber: Aktion Eichh\u00f6rnchen e.V.<\/li>\n\n\n\n<li>Paypal: <a href=\"https:\/\/www.paypal.com\/donate\/?hosted_button_id=6KAUFBUCZA6JW\" data-type=\"link\" data-id=\"https:\/\/www.paypal.com\/donate\/?hosted_button_id=6KAUFBUCZA6JW\">post@aktion-eichhoernchen.de<\/a> oder <a href=\"http:\/\/paypal.me\/aktioneichhoernchen\" data-type=\"link\" data-id=\"paypal.me\/aktioneichhoernchen\">paypal.me\/aktioneichhoernchen<\/a><br><br><img loading=\"lazy\" decoding=\"async\" width=\"150\" height=\"150\" class=\"wp-image-12009\" style=\"width: 150px;\" src=\"https:\/\/aktion-eichhoernchen.de\/wp_aktion\/wp-content\/uploads\/2025\/12\/QR-Code.png\" alt=\"\" srcset=\"https:\/\/aktion-eichhoernchen.de\/wp_aktion\/wp-content\/uploads\/2025\/12\/QR-Code.png 256w, https:\/\/aktion-eichhoernchen.de\/wp_aktion\/wp-content\/uploads\/2025\/12\/QR-Code-150x150.png 150w\" sizes=\"auto, (max-width: 150px) 100vw, 150px\" \/><\/li>\n<\/ul>\n\n\n\n<p class=\"has-black-color has-text-color\">Unser Vereinszweck ist, grob gesagt, f\u00fcr unsere einheimischen Eichh\u00f6rnchen das Beste zu erreichen, der Verein will in Not geratene Eichh\u00f6rnchen p\u00e4ppeln und anschlie\u00dfend m\u00f6glichst auswildern, aber auch unsere Mitmenschen \u00fcber Eichh\u00f6rnchen informieren und aufkl\u00e4ren, sensibilisieren\u2026ein weites Feld. <\/p>\n\n\n\n<p class=\"has-black-color has-text-color\">Unser satzungsgem\u00e4\u00dfer Mindestbeitrag betr\u00e4gt 12,- \u20ac im Jahr (zahlbar zum 15.01.), freiwillige h\u00f6here Beitr\u00e4ge werden als Spende bescheinigt. Aus buchungstechnischen Gr\u00fcnden ist es <strong>leider nicht m\u00f6glich, den Vereinsbeitrag f\u00fcr Folgejahre im Voraus zu bezahlen.<\/strong><\/p>\n\n\n\n<p class=\"has-black-color has-text-color\">Die einzigen Posten im Verein sind 1. und 2. Vorsitzende\/r und das sind z.Zt. Steffi Schmitz und Gerald Frank. Zum erweiterten Vorstand geh\u00f6rt unsere Kassenwartin Claudia Forsthoff. Wer interessiert ist, kann die Satzung per <a href=\"mailto:post@aktion-eichhoernchen.de\">Mail<\/a> anfordern. Wir sind ausschlie\u00dflich lokal unterwegs, k\u00fcmmern uns um die <strong>Eichh\u00f6rnchenbelange in Unna<\/strong> und, wenn der Platz in den Auswilderungsgehegen im Wildwald Vosswinkel und in Dortmund Husen reicht, auch in der direkten Umgebung. Klassisches \u201eVereinsleben\u201c ist nicht geplant, w\u00fcrde unser verf\u00fcgbares Zeitkontingent \u00fcbersteigen und das soll den H\u00f6rnchen zu Gute kommen.<\/p>\n\n\n\n<p>Nat\u00fcrlich hatte die Vereinsgr\u00fcndung auch einen finanziellen Hintergrund \u2013 die Gr\u00fcnder (Steffi &amp; Werner Schmitz) steckten seit 2018 j\u00e4hrlich eine vierstellige Summe in ihre Leidenschaft, sei es bei der Aufzucht von kleinen Waisenh\u00f6rnchen (da entstehen Kosten f\u00fcr die Tier\u00e4rztin, P\u00e4ppelmilch, Medis, Spritzen, Ausr\u00fcstung, Fahrten und die Best\u00fcckung von Futterstationen, Bau und Unterhaltung des Auswilderungsgeheges im Wildwald Vosswinkel) oder bei der Information \u00fcber H\u00f6rnchen und ihre Sorgen, z.B. \u00fcber die Webseiten, Sommerferienprogramm in Unna, KiJuPa Waltrop, Kinderg\u00e4rten, Grundschulen und Jugendeinrichtungen oder \u00fcber die Videoplattformen\u2026alles kostet Geld.<\/p>\n\n\n\n<p>Der Verein &#8222;betreibt&#8220; mittlerweile 2 Auswilderungsgehege, eine \u00dcbersicht gibt es hier:<br><a href=\"https:\/\/aktion-eichhoernchen.de\/wp_aktion\/?page_id=8691\" data-type=\"page\" data-id=\"8691\">Auswilderungsgehege Aktion Eichh\u00f6rnchen e.V. <\/a><\/p>\n\n\n\n<p>Nebenher hat ein Teil des Vorstandes auch noch die Ausbildung zur<\/p>\n\n\n\n<ul class=\"wp-block-list\">\n<li>Tierheilpraktikerin (VDT) (2022)<\/li>\n\n\n\n<li>Tierern\u00e4hrungsberaterin (2025)<\/li>\n\n\n\n<li>Tierpsychologin (2026)<\/li>\n<\/ul>\n\n\n\n<p>zertifiziert und erfolgreich bestanden, nat\u00fcrlich auf eigene Kosten, denn es ist uns wichtig, auch eine gewisse Qualit\u00e4t in unsere Arbeit einflie\u00dfen zu lassen. J\u00e4hrliche Fortbildungen &#8211; v.a. in der &#8222;eichh\u00f6rnchenfreien&#8220; Zeit &#8211; sind ein absolutes Muss. Vor allem als Tierheilpraktikerin sind Fortbildungen &#8222;m\u00f6glich&#8220;, die eigentlich nur MFAs und TAs vorbehalten sind, ein unschlagbarer Vorteil!<\/p>\n\n\n\n<p>Als Verein konnten wir in den letzten Jahren Spenden vereinnahmen. In 2022 wurde unser Verein erstmalig vom Finanzamt gepr\u00fcft und f\u00fcr &#8222;gut&#8220; befunden, d.h. wir d\u00fcrfen -nach der erneuten Pr\u00fcfung in  2025 &#8211;  steuerrechltich wirksame Spendenbescheinigungen ausstellen. In der politischen Diskussion \u00fcberlegt man, ob Wildtierhilfen k\u00fcnftig auch vom Staat finanzielle Unterst\u00fctzung erhalten sollen, das wird aber noch Jahre dauern. Ideen, wie wir die Eichh\u00f6rnchen f\u00f6rdern k\u00f6nnen, haben wir genug, allein die Zeit und die finanziellen M\u00f6glichkeiten beschr\u00e4nken uns.<\/p>\n\n\n\n<p>Wer uns mit einer Vereinsmitgliedschaft unterst\u00fctzen m\u00f6chte, findet hier den <a href=\"https:\/\/aktion-eichhoernchen.de\/wp_aktion\/wp-content\/uploads\/2026\/01\/Mitgliedsantrag.pdf\" data-type=\"link\" data-id=\"https:\/\/aktion-eichhoernchen.de\/wp_aktion\/wp-content\/uploads\/2026\/01\/Mitgliedsantrag.pdf\" target=\"_blank\" rel=\"noreferrer noopener\">Mitgliedsantrag<\/a><a type=\"URL\" href=\"https:\/\/aktion-eichhoernchen.de\/wp_aktion\/wp-content\/uploads\/2026\/01\/Mitgliedsantrag.pdf\" id=\"https:\/\/aktion-eichhoernchen.de\/wp_aktion\/wp-content\/uploads\/2021\/03\/2021_03_09_Mitgliedsantrag.pdf\" target=\"_blank\" rel=\"noreferrer noopener\">.<\/a><\/p>\n\n\n\n<p>Eine \u00dcbersicht \u00fcber die aktuell geplanten Veranstaltungen findet Ihr hier:<\/p>\n\n\n\n<p><a href=\"https:\/\/aktion-eichhoernchen.de\/wp_aktion\/?page_id=6683\" data-type=\"link\" data-id=\"https:\/\/aktion-eichhoernchen.de\/wp_aktion\/?page_id=6683\">Veranstaltungen<\/a><\/p>\n\n\n\n<p>Wir m\u00f6chten f\u00fcr unsere Mitglieder*innen \/ Spender*innen sowie alle Interessenten*innen offen sein und unsere Einnahmen und Ausgaben auch hier im Internet ver\u00f6ffentlichen, deshalb hier in <strong>chronologisch absteigender Folge <\/strong>unsere Daten:<\/p>\n\n\n\n<p><a href=\"https:\/\/aktion-eichhoernchen.de\/wp_aktion\/?page_id=10461\" data-type=\"link\" data-id=\"https:\/\/aktion-eichhoernchen.de\/wp_aktion\/?page_id=10461\">2025 Mitglieder &amp; Verein<\/a><\/p>\n\n\n\n<p><a href=\"https:\/\/aktion-eichhoernchen.de\/wp_aktion\/?page_id=8473\" data-type=\"link\" data-id=\"https:\/\/aktion-eichhoernchen.de\/wp_aktion\/?page_id=8473\">2024 Mitglieder &amp; Verein<\/a><\/p>\n\n\n\n<p><a href=\"https:\/\/aktion-eichhoernchen.de\/wp_aktion\/?page_id=6587\" data-type=\"link\" data-id=\"https:\/\/aktion-eichhoernchen.de\/wp_aktion\/?page_id=6587\">2023 Mitglieder &amp; Verein<\/a><\/p>\n\n\n\n<p><a href=\"https:\/\/aktion-eichhoernchen.de\/wp_aktion\/?page_id=6590\" data-type=\"link\" data-id=\"https:\/\/aktion-eichhoernchen.de\/wp_aktion\/?page_id=6590\">2022 Mitglieder &amp; Verein<\/a><\/p>\n\n\n\n<p><a href=\"https:\/\/aktion-eichhoernchen.de\/wp_aktion\/?page_id=6594\">2021 Mitglieder &amp; Verein<\/a><\/p>\n","protected":false},"excerpt":{"rendered":"<p>Wir haben unseren Verein \u201eAktion Eichh\u00f6rnchen e.V.\u201c im Dezember 2020 gegr\u00fcndet und wollen damit unseren Einsatz f\u00fcr die europ\u00e4ischen Eichh\u00f6rnchen auf solide F\u00fc\u00dfe stellen und mehr erreichen als Einzelpersonen. Der <a class=\"more-link\" href=\"https:\/\/aktion-eichhoernchen.de\/wp_aktion\/?page_id=641\">Continue Reading &rarr;<\/a><\/p>\n","protected":false},"author":1,"featured_media":0,"parent":0,"menu_order":60,"comment_status":"closed","ping_status":"closed","template":"","meta":{"footnotes":""},"class_list":["post-641","page","type-page","status-publish","hentry"],"_links":{"self":[{"href":"https:\/\/aktion-eichhoernchen.de\/wp_aktion\/index.php?rest_route=\/wp\/v2\/pages\/641","targetHints":{"allow":["GET"]}}],"collection":[{"href":"https:\/\/aktion-eichhoernchen.de\/wp_aktion\/index.php?rest_route=\/wp\/v2\/pages"}],"about":[{"href":"https:\/\/aktion-eichhoernchen.de\/wp_aktion\/index.php?rest_route=\/wp\/v2\/types\/page"}],"author":[{"embeddable":true,"href":"https:\/\/aktion-eichhoernchen.de\/wp_aktion\/index.php?rest_route=\/wp\/v2\/users\/1"}],"replies":[{"embeddable":true,"href":"https:\/\/aktion-eichhoernchen.de\/wp_aktion\/index.php?rest_route=%2Fwp%2Fv2%2Fcomments&post=641"}],"version-history":[{"count":60,"href":"https:\/\/aktion-eichhoernchen.de\/wp_aktion\/index.php?rest_route=\/wp\/v2\/pages\/641\/revisions"}],"predecessor-version":[{"id":12580,"href":"https:\/\/aktion-eichhoernchen.de\/wp_aktion\/index.php?rest_route=\/wp\/v2\/pages\/641\/revisions\/12580"}],"wp:attachment":[{"href":"https:\/\/aktion-eichhoernchen.de\/wp_aktion\/index.php?rest_route=%2Fwp%2Fv2%2Fmedia&parent=641"}],"curies":[{"name":"wp","href":"https:\/\/api.w.org\/{rel}","templated":true}]}}

<figure class="wp-block-image size-large is-resized"><img loading="lazy" decoding="async" width="314" height="275" src="https://aktion-eichhoernchen.de/wp_aktion/wp-content/uploads/2021/02/Logo-AktionEichhoernchen.jpg" alt="" class="wp-image-643" srcset="https://aktion-eichhoernchen.de/wp_aktion/wp-content/uploads/2021/02/Logo-AktionEichhoernchen.jpg 314w, https://aktion-eichhoernchen.de/wp_aktion/wp-content/uploads/2021/02/Logo-AktionEichhoernchen-300x263.jpg 300w" sizes="auto, (max-width: 314px) 100vw, 314px" /></figure>



<p>Wir haben unseren Verein „Aktion Eichhörnchen e.V.“ im Dezember 2020 gegründet und wollen damit unseren Einsatz für die europäischen Eichhörnchen auf solide Füße stellen und mehr erreichen als Einzelpersonen. Der Verein ist unter </p>



<ul class="wp-block-list has-blue-color has-text-color">
<li>Nr. VR2434 beim Vereinsregistergericht Hamm eingetragen,</li>
</ul>



<ul class="wp-block-list has-blue-color has-text-color">
<li>Steuernummer beim FA Dortmund/Unna 317/5920/2147, die Gemeinnützigkeit ist anerkannt und wurde am 22.04.2025 bis <strong>2028</strong> bestätigt,</li>
</ul>



<ul class="wp-block-list has-blue-color has-text-color">
<li>IBAN lautet DE47 4416 0014 6625 2876 00, BIC GENODEM1DOR<br>Kontoinhaber: Aktion Eichhörnchen e.V.</li>



<li>Paypal: <a href="https://www.paypal.com/donate/?hosted_button_id=6KAUFBUCZA6JW" data-type="link" data-id="https://www.paypal.com/donate/?hosted_button_id=6KAUFBUCZA6JW">post@aktion-eichhoernchen.de</a> oder <a href="http://paypal.me/aktioneichhoernchen" data-type="link" data-id="paypal.me/aktioneichhoernchen">paypal.me/aktioneichhoernchen</a><br><br><img loading="lazy" decoding="async" width="150" height="150" class="wp-image-12009" style="width: 150px;" src="https://aktion-eichhoernchen.de/wp_aktion/wp-content/uploads/2025/12/QR-Code.png" alt="" srcset="https://aktion-eichhoernchen.de/wp_aktion/wp-content/uploads/2025/12/QR-Code.png 256w, https://aktion-eichhoernchen.de/wp_aktion/wp-content/uploads/2025/12/QR-Code-150x150.png 150w" sizes="auto, (max-width: 150px) 100vw, 150px" /></li>
</ul>



<p class="has-black-color has-text-color">Unser Vereinszweck ist, grob gesagt, für unsere einheimischen Eichhörnchen das Beste zu erreichen, der Verein will in Not geratene Eichhörnchen päppeln und anschließend möglichst auswildern, aber auch unsere Mitmenschen über Eichhörnchen informieren und aufklären, sensibilisieren…ein weites Feld. </p>



<p class="has-black-color has-text-color">Unser satzungsgemäßer Mindestbeitrag beträgt 12,- € im Jahr (zahlbar zum 15.01.), freiwillige höhere Beiträge werden als Spende bescheinigt. Aus buchungstechnischen Gründen ist es <strong>leider nicht möglich, den Vereinsbeitrag für Folgejahre im Voraus zu bezahlen.</strong></p>



<p class="has-black-color has-text-color">Die einzigen Posten im Verein sind 1. und 2. Vorsitzende/r und das sind z.Zt. Steffi Schmitz und Gerald Frank. Zum erweiterten Vorstand gehört unsere Kassenwartin Claudia Forsthoff. Wer interessiert ist, kann die Satzung per <a href="mailto:post@aktion-eichhoernchen.de">Mail</a> anfordern. Wir sind ausschließlich lokal unterwegs, kümmern uns um die <strong>Eichhörnchenbelange in Unna</strong> und, wenn der Platz in den Auswilderungsgehegen im Wildwald Vosswinkel und in Dortmund Husen reicht, auch in der direkten Umgebung. Klassisches „Vereinsleben“ ist nicht geplant, würde unser verfügbares Zeitkontingent übersteigen und das soll den Hörnchen zu Gute kommen.</p>



<p>Natürlich hatte die Vereinsgründung auch einen finanziellen Hintergrund – die Gründer (Steffi &amp; Werner Schmitz) steckten seit 2018 jährlich eine vierstellige Summe in ihre Leidenschaft, sei es bei der Aufzucht von kleinen Waisenhörnchen (da entstehen Kosten für die Tierärztin, Päppelmilch, Medis, Spritzen, Ausrüstung, Fahrten und die Bestückung von Futterstationen, Bau und Unterhaltung des Auswilderungsgeheges im Wildwald Vosswinkel) oder bei der Information über Hörnchen und ihre Sorgen, z.B. über die Webseiten, Sommerferienprogramm in Unna, KiJuPa Waltrop, Kindergärten, Grundschulen und Jugendeinrichtungen oder über die Videoplattformen…alles kostet Geld.</p>



<p>Der Verein &#8222;betreibt&#8220; mittlerweile 2 Auswilderungsgehege, eine Übersicht gibt es hier:<br><a href="https://aktion-eichhoernchen.de/wp_aktion/?page_id=8691" data-type="page" data-id="8691">Auswilderungsgehege Aktion Eichhörnchen e.V. </a></p>



<p>Nebenher hat ein Teil des Vorstandes auch noch die Ausbildung zur</p>



<ul class="wp-block-list">
<li>Tierheilpraktikerin (VDT) (2022)</li>



<li>Tierernährungsberaterin (2025)</li>



<li>Tierpsychologin (2026)</li>
</ul>



<p>zertifiziert und erfolgreich bestanden, natürlich auf eigene Kosten, denn es ist uns wichtig, auch eine gewisse Qualität in unsere Arbeit einfließen zu lassen. Jährliche Fortbildungen &#8211; v.a. in der &#8222;eichhörnchenfreien&#8220; Zeit &#8211; sind ein absolutes Muss. Vor allem als Tierheilpraktikerin sind Fortbildungen &#8222;möglich&#8220;, die eigentlich nur MFAs und TAs vorbehalten sind, ein unschlagbarer Vorteil!</p>



<p>Als Verein konnten wir in den letzten Jahren Spenden vereinnahmen. In 2022 wurde unser Verein erstmalig vom Finanzamt geprüft und für &#8222;gut&#8220; befunden, d.h. wir dürfen -nach der erneuten Prüfung in  2025 &#8211;  steuerrechltich wirksame Spendenbescheinigungen ausstellen. In der politischen Diskussion überlegt man, ob Wildtierhilfen künftig auch vom Staat finanzielle Unterstützung erhalten sollen, das wird aber noch Jahre dauern. Ideen, wie wir die Eichhörnchen fördern können, haben wir genug, allein die Zeit und die finanziellen Möglichkeiten beschränken uns.</p>



<p>Wer uns mit einer Vereinsmitgliedschaft unterstützen möchte, findet hier den <a href="https://aktion-eichhoernchen.de/wp_aktion/wp-content/uploads/2026/01/Mitgliedsantrag.pdf" data-type="link" data-id="https://aktion-eichhoernchen.de/wp_aktion/wp-content/uploads/2026/01/Mitgliedsantrag.pdf" target="_blank" rel="noreferrer noopener">Mitgliedsantrag</a><a type="URL" href="https://aktion-eichhoernchen.de/wp_aktion/wp-content/uploads/2026/01/Mitgliedsantrag.pdf" id="https://aktion-eichhoernchen.de/wp_aktion/wp-content/uploads/2021/03/2021_03_09_Mitgliedsantrag.pdf" target="_blank" rel="noreferrer noopener">.</a></p>



<p>Eine Übersicht über die aktuell geplanten Veranstaltungen findet Ihr hier:</p>



<p><a href="https://aktion-eichhoernchen.de/wp_aktion/?page_id=6683" data-type="link" data-id="https://aktion-eichhoernchen.de/wp_aktion/?page_id=6683">Veranstaltungen</a></p>



<p>Wir möchten für unsere Mitglieder*innen / Spender*innen sowie alle Interessenten*innen offen sein und unsere Einnahmen und Ausgaben auch hier im Internet veröffentlichen, deshalb hier in <strong>chronologisch absteigender Folge </strong>unsere Daten:</p>



<p><a href="https://aktion-eichhoernchen.de/wp_aktion/?page_id=10461" data-type="link" data-id="https://aktion-eichhoernchen.de/wp_aktion/?page_id=10461">2025 Mitglieder &amp; Verein</a></p>



<p><a href="https://aktion-eichhoernchen.de/wp_aktion/?page_id=8473" data-type="link" data-id="https://aktion-eichhoernchen.de/wp_aktion/?page_id=8473">2024 Mitglieder &amp; Verein</a></p>



<p><a href="https://aktion-eichhoernchen.de/wp_aktion/?page_id=6587" data-type="link" data-id="https://aktion-eichhoernchen.de/wp_aktion/?page_id=6587">2023 Mitglieder &amp; Verein</a></p>



<p><a href="https://aktion-eichhoernchen.de/wp_aktion/?page_id=6590" data-type="link" data-id="https://aktion-eichhoernchen.de/wp_aktion/?page_id=6590">2022 Mitglieder &amp; Verein</a></p>



<p><a href="https://aktion-eichhoernchen.de/wp_aktion/?page_id=6594">2021 Mitglieder &amp; Verein</a></p>

<p>Wir haben unseren Verein „Aktion Eichhörnchen e.V.“ im Dezember 2020 gegründet und wollen damit unseren Einsatz für die europäischen Eichhörnchen auf solide Füße stellen und mehr erreichen als Einzelpersonen. Der <a class="more-link" href="https://aktion-eichhoernchen.de/wp_aktion/?page_id=641">Continue Reading &rarr;</a></p>
