{"id":15,"date":"2021-01-10T19:53:53","date_gmt":"2021-01-10T19:53:53","guid":{"rendered":"https:\/\/aktion-eichhoernchen.de\/wp_aktion\/?page_id=15"},"modified":"2024-02-03T12:29:01","modified_gmt":"2024-02-03T12:29:01","slug":"warum-bedroht","status":"publish","type":"page","link":"https:\/\/aktion-eichhoernchen.de\/wp_aktion\/?page_id=15","title":{"rendered":"Warum bedroht?"},"content":{"rendered":"\n<p><strong>Durch die Dezimierung des Lebensraumes:<\/strong><br>Nach den allgemeinen und auch unseren Beobachtungen wird der klassische, heimische Mischwald weniger und die sonstigen Baumbest\u00e4nde werden abgeholzt, z.B. f\u00fcr &#8222;Autobahn\u00fcberflieger&#8220;, Wohngebiete, Industrieansiedelungen, Warenlager, wasauchimmer. Das f\u00fchrt leider dazu, dass die H\u00f6rnchen ihre Behausungen und ihr nat\u00fcrliches Habitat mit den &#8222;nat\u00fcrlichen Nahrungsm\u00f6glichkeiten&#8220; verlieren, und so dr\u00e4ngen sie entgegen ihrer Ablehnung n\u00e4her an den Menschen, mit allen Risiken (z.B. Stra\u00dfenverkehr, nicht eichh\u00f6rnchensichere G\u00e4rten, Rattengifte usw.). <\/p>\n\n\n\n<figure class=\"wp-block-image size-full\"><img loading=\"lazy\" decoding=\"async\" width=\"800\" height=\"600\" src=\"https:\/\/aktion-eichhoernchen.de\/wp_aktion\/wp-content\/uploads\/2021\/01\/waldschaeden.jpg\" alt=\"Waldsch\u00e4den in S\u00fcdtirol 2019\" class=\"wp-image-51\" srcset=\"https:\/\/aktion-eichhoernchen.de\/wp_aktion\/wp-content\/uploads\/2021\/01\/waldschaeden.jpg 800w, https:\/\/aktion-eichhoernchen.de\/wp_aktion\/wp-content\/uploads\/2021\/01\/waldschaeden-300x225.jpg 300w, https:\/\/aktion-eichhoernchen.de\/wp_aktion\/wp-content\/uploads\/2021\/01\/waldschaeden-768x576.jpg 768w\" sizes=\"auto, (max-width: 800px) 100vw, 800px\" \/><figcaption class=\"wp-element-caption\">Waldsch\u00e4den in S\u00fcdtirol 2019<\/figcaption><\/figure>\n\n\n\n<p>Wildtiere f\u00fcttern kann mitunter sehr schwierig sein, da eine selektive F\u00fctterung kaum m\u00f6glich ist. Unter <a href=\"https:\/\/aktion-eichhoernchen.de\/wp_aktion\/?page_id=17\" data-type=\"link\" data-id=\"https:\/\/aktion-eichhoernchen.de\/wp_aktion\/?page_id=17\">&#8222;Was tun?&#8220;<\/a> haben wir zusammengestellt, wie man die kleinen Racker ganzj\u00e4hrig unterst\u00fctzen kann. <\/p>\n\n\n\n<p><strong>Durch Wetterereignisse:<\/strong><br>Sturm &#8222;Kyrill&#8220; und Co. knicken B\u00e4ume wie Streichh\u00f6lzer und fragen nicht danach, ob da nicht vielleicht ein Kobel drauf ist. Nach unserem subjektiven Empfinden haben diese extremen Wetterlagen zugenommen, das macht&#8217;s f\u00fcr die H\u00f6rnchen nicht einfacher. Klar sollte die Natur sich selbst helfen, also die Eichh\u00f6rnchen sollten sich anpassen, weil sie nach der darwinistischen Theorie sonst nicht \u00fcberleben k\u00f6nnen&#8230;aber trotzdem&#8230;.<\/p>\n\n\n\n<p><strong>Durch klimatische Bedingungen:<\/strong><br>Ein <strong>lang anhaltender Sommer<\/strong> wie in den letzten Jahren, wo die Bierindustrie Probleme bei der Wasserbeschaffung f\u00fcrs Brauen hatte und die Sonnenschutzmittelhersteller einen Umsatzrekord nach dem n\u00e4chsten brachen, bedeutet f\u00fcr H\u00f6rnchen, dass ihnen die Nahrungsmittel ausgehen, weil z.B. B\u00e4ume wie Buchen sich auf die Wasserknappheit einstellen, indem sie ihre Fr\u00fcchte, eben die Bucheckern, fr\u00fch abwerfen und diese somit keine ausgebildeten Kerne enthalten. Wal- und Haseln\u00fcsse haben zwar sch\u00f6n gebl\u00fcht und trugen auch eine Menge Fr\u00fcchte, wer diese jedoch ge\u00f6ffnet hat, zog oftmals ein langes Gesicht, weil sie n\u00e4mlich leer oder verdorben waren. Oft fehlte es auch einfach an Wasser, denn auch H\u00f6rnchen m\u00fcssen trinken, keine Unmengen zwar, aber trotzdem&#8230;und H\u00f6rnchen, die z.B. unter dem Dachbalken eines Einfamilienhauses einen Kobel gebaut und dort ihren Nachwuchs geboren hatten, wurden regelrecht weichgekocht, so dass die Kleinen viel zu fr\u00fch raus wollten (so sind wir zu einem Wurf von Vier gekommen, das F\u00fcnfte hat den Sprung aus 7 Metern H\u00f6he nicht \u00fcberlebt)<\/p>\n\n\n\n<figure class=\"wp-block-gallery has-nested-images columns-default is-cropped wp-block-gallery-2 is-layout-flex wp-block-gallery-is-layout-flex\">\n<figure class=\"wp-block-image size-large\"><img loading=\"lazy\" decoding=\"async\" width=\"600\" height=\"400\" data-id=\"6880\" src=\"https:\/\/aktion-eichhoernchen.de\/wp_aktion\/wp-content\/uploads\/2024\/02\/0001_3.jpg\" alt=\"\" class=\"wp-image-6880\" srcset=\"https:\/\/aktion-eichhoernchen.de\/wp_aktion\/wp-content\/uploads\/2024\/02\/0001_3.jpg 600w, https:\/\/aktion-eichhoernchen.de\/wp_aktion\/wp-content\/uploads\/2024\/02\/0001_3-300x200.jpg 300w, https:\/\/aktion-eichhoernchen.de\/wp_aktion\/wp-content\/uploads\/2024\/02\/0001_3-360x240.jpg 360w\" sizes=\"auto, (max-width: 600px) 100vw, 600px\" \/><\/figure>\n\n\n\n<figure class=\"wp-block-image size-large\"><img loading=\"lazy\" decoding=\"async\" width=\"600\" height=\"400\" data-id=\"6881\" src=\"https:\/\/aktion-eichhoernchen.de\/wp_aktion\/wp-content\/uploads\/2024\/02\/0002_2.jpg\" alt=\"\" class=\"wp-image-6881\" srcset=\"https:\/\/aktion-eichhoernchen.de\/wp_aktion\/wp-content\/uploads\/2024\/02\/0002_2.jpg 600w, https:\/\/aktion-eichhoernchen.de\/wp_aktion\/wp-content\/uploads\/2024\/02\/0002_2-300x200.jpg 300w, https:\/\/aktion-eichhoernchen.de\/wp_aktion\/wp-content\/uploads\/2024\/02\/0002_2-360x240.jpg 360w\" sizes=\"auto, (max-width: 600px) 100vw, 600px\" \/><\/figure>\n<\/figure>\n\n\n\n<p>Auch &#8222;Krick&#8220;, lag auf den Treppenstufen eines Einfamilienhauses in Unna, v\u00f6llig dehydriert, er konnte noch nicht mal zum Trinken den Kopf heben:<\/p>\n\n\n\n<figure class=\"wp-block-gallery has-nested-images columns-default is-cropped wp-block-gallery-3 is-layout-flex wp-block-gallery-is-layout-flex\">\n<figure class=\"wp-block-image size-large\"><img loading=\"lazy\" decoding=\"async\" width=\"600\" height=\"383\" data-id=\"6877\" src=\"https:\/\/aktion-eichhoernchen.de\/wp_aktion\/wp-content\/uploads\/2024\/02\/0002_1.jpg\" alt=\"\" class=\"wp-image-6877\" srcset=\"https:\/\/aktion-eichhoernchen.de\/wp_aktion\/wp-content\/uploads\/2024\/02\/0002_1.jpg 600w, https:\/\/aktion-eichhoernchen.de\/wp_aktion\/wp-content\/uploads\/2024\/02\/0002_1-300x192.jpg 300w\" sizes=\"auto, (max-width: 600px) 100vw, 600px\" \/><\/figure>\n\n\n\n<figure class=\"wp-block-image size-large\"><img loading=\"lazy\" decoding=\"async\" width=\"600\" height=\"400\" data-id=\"6876\" src=\"https:\/\/aktion-eichhoernchen.de\/wp_aktion\/wp-content\/uploads\/2024\/02\/0001_2.jpg\" alt=\"\" class=\"wp-image-6876\" srcset=\"https:\/\/aktion-eichhoernchen.de\/wp_aktion\/wp-content\/uploads\/2024\/02\/0001_2.jpg 600w, https:\/\/aktion-eichhoernchen.de\/wp_aktion\/wp-content\/uploads\/2024\/02\/0001_2-300x200.jpg 300w, https:\/\/aktion-eichhoernchen.de\/wp_aktion\/wp-content\/uploads\/2024\/02\/0001_2-360x240.jpg 360w\" sizes=\"auto, (max-width: 600px) 100vw, 600px\" \/><\/figure>\n<\/figure>\n\n\n\n<p>Was haben wir uns gefreut, als er zum ersten Mal eine Walnuss selbst halten konnte!!! Er konnte erfolgreich ausgewildert werden!<\/p>\n\n\n\n<p>Aber auch menschliche Auswirkungen des Klimawandels und der Coronakrise machen den H\u00f6rnchen zu schaffen. Jeder, der irgendwie konnte, baute sich einen Pool in den Garten, leider Gro\u00dfteils ohne Abdeckung. H\u00f6rnchen k\u00f6nnen &#8222;ein bisschen schwimmen&#8220;, sie haben kein Seepferdchen, ihr Fell saugt sich voll und zieht sie irgendwann unweigerlich nach unten, sie ertrinken, wenn sie keinen Ausstieg finden:<\/p>\n\n\n<div class=\"wp-block-image\">\n<figure class=\"aligncenter size-full\"><img loading=\"lazy\" decoding=\"async\" width=\"582\" height=\"321\" src=\"https:\/\/aktion-eichhoernchen.de\/wp_aktion\/wp-content\/uploads\/2024\/02\/schwimmendes-Eichhoernchen.png\" alt=\"\" class=\"wp-image-6878\" srcset=\"https:\/\/aktion-eichhoernchen.de\/wp_aktion\/wp-content\/uploads\/2024\/02\/schwimmendes-Eichhoernchen.png 582w, https:\/\/aktion-eichhoernchen.de\/wp_aktion\/wp-content\/uploads\/2024\/02\/schwimmendes-Eichhoernchen-300x165.png 300w\" sizes=\"auto, (max-width: 582px) 100vw, 582px\" \/><figcaption class=\"wp-element-caption\">\u00a9LBV<\/figcaption><\/figure>\n<\/div>\n\n\n<p>Wir hatten leider auch schon das ein oder andere H\u00f6rnchen, das im Pool gelandet und gerettet werden konnte. Der Chlorgehalt des Wassers ist weder f\u00fcr uns, noch f\u00fcr die kleinen Eichh\u00f6rnchenlungen gut. &#8222;Plantschi&#8220; war ein solches, sie hat bis zu ihrer Auswilderung damit\/dagegen gek\u00e4mpft &#8230; aber sie konnte ausgewildert werden:<\/p>\n\n\n<div class=\"wp-block-image\">\n<figure class=\"aligncenter size-full\"><img loading=\"lazy\" decoding=\"async\" width=\"500\" height=\"337\" src=\"https:\/\/aktion-eichhoernchen.de\/wp_aktion\/wp-content\/uploads\/2024\/02\/Plantschi.jpg\" alt=\"\" class=\"wp-image-6879\" srcset=\"https:\/\/aktion-eichhoernchen.de\/wp_aktion\/wp-content\/uploads\/2024\/02\/Plantschi.jpg 500w, https:\/\/aktion-eichhoernchen.de\/wp_aktion\/wp-content\/uploads\/2024\/02\/Plantschi-300x202.jpg 300w\" sizes=\"auto, (max-width: 500px) 100vw, 500px\" \/><\/figure>\n<\/div>\n\n\n<p>Was wir in den letzten Jahren auch beobachten konnten ist, dass sich die richtig<strong> kalten Wintermonate<\/strong> verschoben haben. An eine wei\u00dfe Weihnacht ist kaum mehr zu denken, daf\u00fcr sind im Januar\/Februar die N\u00e4chte richtig kalt, auch mal bis zu -20 Grad. Das ist aber genau die Zeit, in denen der erste Wurf der Eichh\u00f6rnchen schon erfolgt ist. Sie haben bei den Temperaturen kaum eine \u00dcberlebenschance. Da sollten wir &#8222;menschlich&#8220; schon mit Futterstellen nachhelfen, dass wir wenigstens die adulten Tiere durch die kalte Jahreszeit bekommen, sie finden in der Natur nichts &#8222;Nat\u00fcrliches&#8220;, keine Knospen, keine frischen Triebe, auch die Pilze sind &#8222;erfroren&#8220; und die versteckten N\u00fcsse wom\u00f6glich bei Bodenfrost unerreichbar.<\/p>\n\n\n\n<p><strong>Durch das Grauh\u00f6rnchen:\u00a0<\/strong><br>&#8222;Importiert&#8220; aus Nordamerika,\u00a0 h\u00e4lt es sich heute in Europa vorwiegend in Norditalien und Gro\u00dfbritannien auf. Das Grauh\u00f6rnchen ist gr\u00f6\u00dfer und schwerer als das europ\u00e4ische, ist Allesfresser und tr\u00e4gt au\u00dferdem noch einen f\u00fcr unser heimisches H\u00f6rnchen t\u00f6dlichen Pokenvirus in sich; kurz und gut, das Grauh\u00f6rnchen wird wegen guter evolution\u00e4rer Bedingungen das Europ\u00e4ische \u00fcber kurz oder lang ausrotten. In Gro\u00dfbritannien ist der Bestand der heimischen H\u00f6rnchen bereits ernsthaft bedroht, Tiersch\u00fctzer versuchen dort bereits, den Bestand der Grauh\u00f6rnchen zu reduzieren und R\u00fcckzugsgebiete f\u00fcr die Europ\u00e4ischen zu schaffen. Sogar das Fleisch der Grauh\u00f6rnchen wird mittlerweile verwertet, so hat der englische Starkoch Jamie Oliver Rezepte f\u00fcr ein &#8222;Squirrel-Ragu&#8220; in seiner Show &#8222;Jamie und Jimmies Food Fight Club&#8220; vorgestellt.<\/p>\n\n\n\n<p>Weil das Thema sehr umfangreich und leider auch sehr verwirrend diskutiert wird, haben wir eine eigene Seite daf\u00fcr:<br><a href=\"https:\/\/aktion-eichhoernchen.de\/wp_aktion\/?page_id=6690\" data-type=\"link\" data-id=\"https:\/\/aktion-eichhoernchen.de\/wp_aktion\/?page_id=6690\">Europ\u00e4isches Eichh\u00f6rnchen vs. Grauh\u00f6rnchen<\/a><br><\/p>\n\n\n\n<p><strong>Durch Pallash\u00f6rnchen und Burunduk:<\/strong><br>Die beiden H\u00f6rnchenarten sind noch nicht sehr bekannt. <br>Das <a href=\"https:\/\/de.wikipedia.org\/wiki\/Pallash%C3%B6rnchen\" data-type=\"link\" data-id=\"https:\/\/de.wikipedia.org\/wiki\/Pallash%C3%B6rnchen\">Pallash\u00f6rnchen\/Rotbauchh\u00f6rnchen (<em>Callosciurus erythraeus<\/em><\/a>), markant durch seinen roten Bauch), steht in Belgien und Frankreich vor der T\u00fcr. Sie gelten zur Gattung der Sch\u00f6nh\u00f6rnchen, inwieweit sie unsere Europ\u00e4ischen Eichhr\u00f6nchen vertreiben\/verdr\u00e4ngen k\u00f6nnten, ist noch nicht gesichert. <\/p>\n\n\n\n<p>Der<a href=\"https:\/\/de.wikipedia.org\/wiki\/Burunduk\" data-type=\"link\" data-id=\"https:\/\/de.wikipedia.org\/wiki\/Burunduk\"> Burunduk (Streifenh\u00f6rnchen auch <em>Tamias sibiricus<\/em>)<\/a> ist kein Baumh\u00f6rnchen, sondern wohnt in H\u00f6hlen am Boden. Es gab vor Jahren eine Population in M\u00fcnster, die sich aber nicht etablieren konnte. Ab und an kommen bei uns auch Notrufe von Burunduks an, ob sie echte &#8222;ausgewilderte, eingewanderte&#8220; Exemplare sind, oder irgendwo ausgeb\u00fcxt oder freiwillig in die Freiheit entlassen wurden, wissen wir nicht. Auch hier gibt es noch keine konkreten Aussagen zu den Auswirkungen auf unsere europ\u00e4ischen Eichh\u00f6rnchen. <\/p>\n\n\n\n<p><strong>Endo-  &amp; Exoparasiten:<\/strong><br>In den letzten beiden Jahren haben wir vermehrt gegen Endo- und Exparasiten bei unseren Pflegelingen gek\u00e4mpft. <br>Exo-\/Ektoparasiten (also au\u00dferhalb des H\u00f6rnchens in Form von Zecken, Fliegenlarven, Fl\u00f6hen etc.) lassen sich noch relativ gut &#8222;behandeln&#8220;, hier ist Absammeln angesagt. Leider kann aber z.B. ein extremer Zeckenbefall auch dazu f\u00fchren, dass die Eichh\u00f6rnchen durch die Zecken so viel Blut verloren haben, dass sie es nicht schaffen. Hier ist h\u00f6chste Eile geboten. Puschel war so ein Eichh\u00f6rnchen, er ist -wahrscheinlich durch die massive Anzahl an Zecken &#8211; erblindet bzw. seheingeschr\u00e4nkt gewesen. Er hat noch 1 Jahr lang bei Michael in einem Residentengehege in Erkelenz gelebt, trotz Sehst\u00f6rung. <\/p>\n\n\n\n<figure class=\"wp-block-gallery has-nested-images columns-default is-cropped wp-block-gallery-4 is-layout-flex wp-block-gallery-is-layout-flex\">\n<figure class=\"wp-block-image size-large\"><img loading=\"lazy\" decoding=\"async\" width=\"570\" height=\"600\" data-id=\"6888\" src=\"https:\/\/aktion-eichhoernchen.de\/wp_aktion\/wp-content\/uploads\/2024\/02\/0002_3.jpg\" alt=\"\" class=\"wp-image-6888\" srcset=\"https:\/\/aktion-eichhoernchen.de\/wp_aktion\/wp-content\/uploads\/2024\/02\/0002_3.jpg 570w, https:\/\/aktion-eichhoernchen.de\/wp_aktion\/wp-content\/uploads\/2024\/02\/0002_3-285x300.jpg 285w\" sizes=\"auto, (max-width: 570px) 100vw, 570px\" \/><\/figure>\n\n\n\n<figure class=\"wp-block-image size-large\"><img loading=\"lazy\" decoding=\"async\" width=\"376\" height=\"600\" data-id=\"6887\" src=\"https:\/\/aktion-eichhoernchen.de\/wp_aktion\/wp-content\/uploads\/2024\/02\/0001_4.jpg\" alt=\"\" class=\"wp-image-6887\" srcset=\"https:\/\/aktion-eichhoernchen.de\/wp_aktion\/wp-content\/uploads\/2024\/02\/0001_4.jpg 376w, https:\/\/aktion-eichhoernchen.de\/wp_aktion\/wp-content\/uploads\/2024\/02\/0001_4-188x300.jpg 188w\" sizes=\"auto, (max-width: 376px) 100vw, 376px\" \/><\/figure>\n<\/figure>\n\n\n\n<p>Kr\u00fcmel hatte schon Fliegenmaden inw\u00e4ndig im Schwanz. Fliegenmaden &#8211; au\u00dferhalb des Eichh\u00f6rnchens wie S\u00e4gesp\u00e4ne aussehend &#8211; fressen das H\u00f6rnchen von &#8222;Innen&#8220; auf. Auch hier, h\u00f6chste Eile geboten. Kr\u00fcmel konnten wir retten, sie war so tapfer, als wir ihr die Maden aus dem Schwanz &#8222;rausgedr\u00fcckt&#8220; haben. <\/p>\n\n\n\n<figure class=\"wp-block-gallery has-nested-images columns-default is-cropped wp-block-gallery-5 is-layout-flex wp-block-gallery-is-layout-flex\">\n<figure class=\"wp-block-image size-large\"><img loading=\"lazy\" decoding=\"async\" width=\"600\" height=\"386\" data-id=\"6890\" src=\"https:\/\/aktion-eichhoernchen.de\/wp_aktion\/wp-content\/uploads\/2024\/02\/0002_4.jpg\" alt=\"\" class=\"wp-image-6890\" srcset=\"https:\/\/aktion-eichhoernchen.de\/wp_aktion\/wp-content\/uploads\/2024\/02\/0002_4.jpg 600w, https:\/\/aktion-eichhoernchen.de\/wp_aktion\/wp-content\/uploads\/2024\/02\/0002_4-300x193.jpg 300w\" sizes=\"auto, (max-width: 600px) 100vw, 600px\" \/><\/figure>\n\n\n\n<figure class=\"wp-block-image size-large\"><img loading=\"lazy\" decoding=\"async\" width=\"600\" height=\"337\" data-id=\"6889\" src=\"https:\/\/aktion-eichhoernchen.de\/wp_aktion\/wp-content\/uploads\/2024\/02\/0001_5.jpg\" alt=\"\" class=\"wp-image-6889\" srcset=\"https:\/\/aktion-eichhoernchen.de\/wp_aktion\/wp-content\/uploads\/2024\/02\/0001_5.jpg 600w, https:\/\/aktion-eichhoernchen.de\/wp_aktion\/wp-content\/uploads\/2024\/02\/0001_5-300x169.jpg 300w\" sizes=\"auto, (max-width: 600px) 100vw, 600px\" \/><\/figure>\n<\/figure>\n\n\n\n<p>In den letzten 2 Jahren \u00e4rgern uns massiv die <strong>Endoparasiten<\/strong>. Mit Giardien, Clostridien, W\u00fcrmer &amp; Bakterien haben wir uns ja schon &#8222;angefreundet&#8220;, neu kamen vor 2 Jahren die ersten Kryptosporidien nach NRW (in Bayern schon l\u00e4nger bekannt). Sie kommen aus der K\u00e4lberzucht als D\u00fcnger auf unsere Felder, unsere Eichh\u00f6rnchen laufen \u00fcber das Feld, schlecken sich die Pfoten ab (weil sie sehr reinlich sind) und haben pl\u00f6tzlich Kryptos, gegen die ihr kleiner K\u00f6rper kaum ankommt. Sie haben Durchfall, w\u00e4ssrig, Milch oben rein, Durchfall in wenigen Minuten unten wieder raus. Sie magern ab, verhungern j\u00e4mmerlich. Es gibt ein 21 Tage &#8211; Behandlungsplan &#8230; der Stress, den man den Wildtieren und der eigenen P\u00e4ppelstation ausgesetzt ist, auch, weil eine sehr hohe Ansteckungsgefahr auf Mensch &amp; Tier (einschlie\u00dflich Haustier!) gegeben ist, ist extrem. Trotz Behandlungsplan verlieren wir das ein oder andere H\u00f6rnchen, weil es einfach zu sp\u00e4t war, das Tier schon zu geschw\u00e4cht ist und den Kampf verliert. <\/p>\n\n\n\n<p>Unsere beiden Microh\u00f6rnchen (&#8222;Ilvy &amp; Nuts&#8220;), die durch den Befall auch &#8222;klein&#8220; geblieben sind, weil der K\u00f6rper einfach nicht die notwendigen Wachstumsstoffe aufnehmen konnte:<\/p>\n\n\n\n<figure class=\"wp-block-gallery has-nested-images columns-default is-cropped wp-block-gallery-6 is-layout-flex wp-block-gallery-is-layout-flex\">\n<figure class=\"wp-block-image size-large\"><img loading=\"lazy\" decoding=\"async\" width=\"525\" height=\"600\" data-id=\"6893\" src=\"https:\/\/aktion-eichhoernchen.de\/wp_aktion\/wp-content\/uploads\/2024\/02\/0001_6.jpg\" alt=\"\" class=\"wp-image-6893\" srcset=\"https:\/\/aktion-eichhoernchen.de\/wp_aktion\/wp-content\/uploads\/2024\/02\/0001_6.jpg 525w, https:\/\/aktion-eichhoernchen.de\/wp_aktion\/wp-content\/uploads\/2024\/02\/0001_6-263x300.jpg 263w\" sizes=\"auto, (max-width: 525px) 100vw, 525px\" \/><\/figure>\n\n\n\n<figure class=\"wp-block-image size-large\"><img loading=\"lazy\" decoding=\"async\" width=\"600\" height=\"571\" data-id=\"6894\" src=\"https:\/\/aktion-eichhoernchen.de\/wp_aktion\/wp-content\/uploads\/2024\/02\/0002_5.jpg\" alt=\"\" class=\"wp-image-6894\" srcset=\"https:\/\/aktion-eichhoernchen.de\/wp_aktion\/wp-content\/uploads\/2024\/02\/0002_5.jpg 600w, https:\/\/aktion-eichhoernchen.de\/wp_aktion\/wp-content\/uploads\/2024\/02\/0002_5-300x286.jpg 300w\" sizes=\"auto, (max-width: 600px) 100vw, 600px\" \/><\/figure>\n<\/figure>\n\n\n\n<p>Sie konnten erfolgreich ausgewildert werden.<\/p>\n\n\n\n<p>Wir sehen, es gibt eine Menge Faktoren, die den europ\u00e4ischen Eichh\u00f6rnchen zu schaffen machen und ihr \u00dcberleben erschweren. Vermutlich wird man in einigen Jahren oder Jahrzehnten r\u00fcckblickend feststellen, dass die Tierchen die Anpassung an sich \u00e4ndernde Lebensbedingungen nicht geschafft haben und man sie deshalb nur noch in Naturkundemuseen und \u00dcberlieferungen wahrnehmen kann &#8211; oder sie stellen sich um und entwickeln \u00dcberlebensstrategien, wer wei\u00df. Wir m\u00f6gen darauf nicht warten, sondern wollen versuchen, wenigstens in unserer Umgebung ihre Existenznot etwas zu lindern, auch wenn &#8222;Evolutionspuristen&#8220; das vielleicht als gerade falsch empfinden.<\/p>\n","protected":false},"excerpt":{"rendered":"<p>Durch die Dezimierung des Lebensraumes:Nach den allgemeinen und auch unseren Beobachtungen wird der klassische, heimische Mischwald weniger und die sonstigen Baumbest\u00e4nde werden abgeholzt, z.B. f\u00fcr &#8222;Autobahn\u00fcberflieger&#8220;, Wohngebiete, Industrieansiedelungen, Warenlager, wasauchimmer. <a class=\"more-link\" href=\"https:\/\/aktion-eichhoernchen.de\/wp_aktion\/?page_id=15\">Continue Reading &rarr;<\/a><\/p>\n","protected":false},"author":1,"featured_media":0,"parent":0,"menu_order":30,"comment_status":"closed","ping_status":"closed","template":"","meta":{"footnotes":""},"class_list":["post-15","page","type-page","status-publish","hentry"],"_links":{"self":[{"href":"https:\/\/aktion-eichhoernchen.de\/wp_aktion\/index.php?rest_route=\/wp\/v2\/pages\/15","targetHints":{"allow":["GET"]}}],"collection":[{"href":"https:\/\/aktion-eichhoernchen.de\/wp_aktion\/index.php?rest_route=\/wp\/v2\/pages"}],"about":[{"href":"https:\/\/aktion-eichhoernchen.de\/wp_aktion\/index.php?rest_route=\/wp\/v2\/types\/page"}],"author":[{"embeddable":true,"href":"https:\/\/aktion-eichhoernchen.de\/wp_aktion\/index.php?rest_route=\/wp\/v2\/users\/1"}],"replies":[{"embeddable":true,"href":"https:\/\/aktion-eichhoernchen.de\/wp_aktion\/index.php?rest_route=%2Fwp%2Fv2%2Fcomments&post=15"}],"version-history":[{"count":29,"href":"https:\/\/aktion-eichhoernchen.de\/wp_aktion\/index.php?rest_route=\/wp\/v2\/pages\/15\/revisions"}],"predecessor-version":[{"id":6897,"href":"https:\/\/aktion-eichhoernchen.de\/wp_aktion\/index.php?rest_route=\/wp\/v2\/pages\/15\/revisions\/6897"}],"wp:attachment":[{"href":"https:\/\/aktion-eichhoernchen.de\/wp_aktion\/index.php?rest_route=%2Fwp%2Fv2%2Fmedia&parent=15"}],"curies":[{"name":"wp","href":"https:\/\/api.w.org\/{rel}","templated":true}]}}