{"id":11,"date":"2021-01-10T19:52:08","date_gmt":"2021-01-10T19:52:08","guid":{"rendered":"https:\/\/aktion-eichhoernchen.de\/wp_aktion\/?page_id=11"},"modified":"2025-11-30T06:23:44","modified_gmt":"2025-11-30T06:23:44","slug":"home","status":"publish","type":"page","link":"https:\/\/aktion-eichhoernchen.de\/wp_aktion\/?page_id=11","title":{"rendered":"Home"},"content":{"rendered":"\n<h2 class=\"wp-block-heading\"><strong>Warum uns Eichh\u00f6rnchen nicht egal sein sollten:<\/strong><br><\/h2>\n\n\n\n<p>&nbsp;Das \u201eEurop\u00e4ische Eichh\u00f6rnchen\u201c (sciurus vulgaris) ist in seiner Existenz bedroht:<\/p>\n\n\n<div class=\"wp-block-image\">\n<figure class=\"aligncenter size-full\"><img loading=\"lazy\" decoding=\"async\" width=\"500\" height=\"388\" src=\"https:\/\/aktion-eichhoernchen.de\/wp_aktion\/wp-content\/uploads\/2024\/02\/2023_11_20_095740.jpg\" alt=\"\" class=\"wp-image-6974\" srcset=\"https:\/\/aktion-eichhoernchen.de\/wp_aktion\/wp-content\/uploads\/2024\/02\/2023_11_20_095740.jpg 500w, https:\/\/aktion-eichhoernchen.de\/wp_aktion\/wp-content\/uploads\/2024\/02\/2023_11_20_095740-300x233.jpg 300w\" sizes=\"auto, (max-width: 500px) 100vw, 500px\" \/><\/figure>\n<\/div>\n\n\n<p><\/p>\n\n\n\n<ul class=\"wp-block-list\">\n<li>durch zunehmende <strong>Dezimierung Ihres Lebensraums<\/strong> (insbesondere die Nadelw\u00e4lder mit den Zapfen und Samen); diese Einschnitte in ihre Lebensr\u00e4ume werden \u00fcberwiegend von Menschen gemacht, es ist also u.E. unsere Pflicht, ihnen geeignete Lebensr\u00e4ume wieder zur Verf\u00fcgung zu stellen, wenn auch im Sinne von Parkanlagen mit alten Baumbest\u00e4nden, nat\u00fcrlichen W\u00e4ldern mit Todholz, R\u00fcckzugsgebiete und Baumalleen, \u00fcber die sie von einem zum n\u00e4chsten Revier gefahrlos \u00fcbersiedeln k\u00f6nnen<\/li>\n\n\n\n<li>durch Wetterereignisse wie:<strong> kapitale St\u00fcrme mit den entsprechenden Sch\u00e4den<\/strong> aber auch <strong>\u00dcberschwemmungen,<\/strong> die B\u00e4ume entwurzeln und ganze Landstriche und damit Lebensr\u00e4ume ver\u00e4ndern und <strong>Behausungen der Eichh\u00f6rnchen (Kobel)<\/strong> in den B\u00e4umen zerst\u00f6ren.<\/li>\n\n\n\n<li>durch <strong>klimatische Bedingungen<\/strong> wie z.B. die besonders langen und warmen Sommer und die daraus folgende Trockenheit und Gefahren eines \u00fcberm\u00e4\u00dfigen Sch\u00e4dlingbefalls <\/li>\n\n\n\n<li>durch die <strong>nordamerikanischen Grauh\u00f6rnchen<\/strong>:<br>in jedem Winter h\u00f6ren wir Ger\u00fcchte aus der Region Bodensee, dass Grauh\u00f6rnchen gesichtet wurden. Aktuell stehen sie noch (!) in Norditalien und Gro\u00dfbritannien, bisher gibt es noch keine gesicherten, nachgewiesenen Exemplare in Deutschland. Denn Achtung: nicht unsere winter-grau-befellten europ\u00e4ischen Eichh\u00f6rnchen mit Grauh\u00f6rnchen verwechseln! Einen detailierten Vergleich findet man hier: <a href=\"https:\/\/aktion-eichhoernchen.de\/wp_aktion\/?page_id=6690\" data-type=\"link\" data-id=\"https:\/\/aktion-eichhoernchen.de\/wp_aktion\/?page_id=6690\">Europ\u00e4isches Eichh\u00f6rnchen vs. Grauh\u00f6rnchen<\/a><\/li>\n<\/ul>\n\n\n\n<p><br>Eichh\u00f6rnchen k\u00f6nnen unsere Hilfe gut gebrauchen, es ist nach <strong>unserer<\/strong> Meinung auch nur billig und gerecht, wenn wir uns um sie bem\u00fchen, schlie\u00dflich tragen wir auch einen gro\u00dfen Teil Schuld an ihrer Situation. Immerhin scheint die aktuelle Diskussion um die Folgen des Klimawandels einiges zu bewegen, hoffentlich ist es nicht schon zu sp\u00e4t.<br>Die aktuellen Meldungen \u00fcber Borkenk\u00e4ferbefall sind alarmierend, und wer in S\u00fcdtirol die Schneisen der Verw\u00fcstung gesehen hat, die ein Sturm dort mal eben so angerichtet hat, wird wohl das schlimmste bef\u00fcrchten.<\/p>\n\n\n\n<figure class=\"wp-block-image size-large\"><img loading=\"lazy\" decoding=\"async\" width=\"800\" height=\"600\" src=\"https:\/\/aktion-eichhoernchen.de\/wp_aktion\/wp-content\/uploads\/2021\/01\/waldschaeden.jpg\" alt=\"Waldsch\u00e4den in S\u00fcdtirol 2019\" class=\"wp-image-51\" srcset=\"https:\/\/aktion-eichhoernchen.de\/wp_aktion\/wp-content\/uploads\/2021\/01\/waldschaeden.jpg 800w, https:\/\/aktion-eichhoernchen.de\/wp_aktion\/wp-content\/uploads\/2021\/01\/waldschaeden-300x225.jpg 300w, https:\/\/aktion-eichhoernchen.de\/wp_aktion\/wp-content\/uploads\/2021\/01\/waldschaeden-768x576.jpg 768w\" sizes=\"auto, (max-width: 800px) 100vw, 800px\" \/><figcaption class=\"wp-element-caption\">Waldsch\u00e4den in S\u00fcdtirol 2019<\/figcaption><\/figure>\n\n\n\n<p>Die <strong>heimischen W\u00e4lder<\/strong>, zumindest hier in der Region Ruhrgebiet\/n\u00f6rdliches Sauerland, sind in einem <strong>beklagenswerten Zustand <\/strong>und vermutlich so, wie sie sich bisher darstellten, kaum noch zu retten.<br><br>Der Schwarzw\u00e4lder Bote schreibt in einem <a href=\"https:\/\/www.schwarzwaelder-bote.de\/inhalt.baden-wuerttemberg-eichhoernchen-stehen-vor-ungewisser-zukunft.d5862dd8-1207-4774-b483-fd1b3d9ff16b.html\">Artikel<\/a> \u00fcber die ungewisse Zukunft von unseren europ\u00e4ischen Eichh\u00f6rnchen, darin wird der Nabu-Experte und Eichh\u00f6rnchen-Buchautor Stefan Bosch zitiert, der meint, die Ern\u00e4hrungslage der H\u00f6rnchen sei im Moment gut &#8211; wir beobachten jedoch an unseren eigenen Pfleglingen, aber auch an denen anderer Stationen und den Ver\u00f6ffentlichungen im Netz auf den \u00fcblichen Kan\u00e4len, dass praktisch<strong> alle &#8222;H\u00f6rnchenretter&#8220; beklagen<\/strong>, dass die <strong>gefundenen H\u00f6rnchen anders als in den letzten Jahren deutlich kleiner und weniger entwickelt sind<\/strong>, als sie nach ihrem Lebensalter sein sollten, oftmals sind regelrechte <strong>Mangelh\u00f6rnchen <\/strong>darunter. Nach unserer, nat\u00fcrlich nicht wissenschaftlich belegten Beobachtung, sind Nuss-, Bucheckern- und Zapfenernte z.B. deutlich schlechter als in den Jahren zuvor, und die zu kleinen H\u00f6rnchen holen den R\u00fcckstand auch durch angepasste Ern\u00e4hrung nicht mehr wirklich auf, sie bleiben einfach kleiner als ihre Artgenossen, wobei schon in den Rettungsstationen die Sterblichkeitsrate im Vergleich zu den Vorjahren deutlich steigt. <\/p>\n\n\n\n<p>Hierzu passt auch der aktuelle Waldzustandsbericht des Ministeriums f\u00fcr Umwelt des Landes NRW, der den Eindruck mit Zahlen belegt, aber auch eine Strategie f\u00fcr die Aufforstung darlegt. Inwieweit das fundiert ist, k\u00f6nnen wir nicht beurteilen, wenn man aber wei\u00df, dass eine Buche ca. 60 Jahre ben\u00f6tigt, bis sie Bucheckern abwirft, kann man ahnen, \u00fcber welche zeitlichen Perspektiven wir sprechen.<\/p>\n\n\n\n<p>In einem Zeitungsartikel vom 14.12.20 (Hellweger Anzeiger Unna) war zu lesen, dass im<strong> Nationalpark Harz<\/strong> der Wald ver\u00e4ndert werden soll, dort sind riesige Fl\u00e4chen mit alten Fichten abgestorben und sollen ersetzt werden durch Laubb\u00e4ume wie Rotbuchen, Ebereschen, Moorbirken, Bergahorne, Feldahorne, Weiden, Roterlen und auch einige Sommerlinden. Das braucht nat\u00fcrlich viele Jahre, da hilft im Moment wohl nur Geduld.<br><br>Es ist tats\u00e4chlich an der Zeit, sich <strong>erhebliche Sorgen um den Fortbestand der Spezies <\/strong>zu machen &#8211; vielleicht sp\u00fcren wir das langsame Verschwinden des heimischen Eichh\u00f6rnchens noch nicht sofort, eben weil wir sie in den St\u00e4dten und D\u00f6rfern so oft sehen, aber das ist ein Trugschluss. Gerade weil wir sie so in unserer N\u00e4he sehen, sind sie gef\u00e4hrdet. Ihr Lebensraum Wald ist\/wird zerst\u00f6rt, also m\u00fcssen sie sich anpassen und neue Lebensr\u00e4ume erschlie\u00dfen, um \u00fcberleben zu k\u00f6nnen. Und das gilt nicht nur f\u00fcr die Eichh\u00f6rnchen, auch Igel, Fuchs, Dachs und die invasiven Arten wie Waschb\u00e4r und Nutria brauchen und suchen sich Lebensr\u00e4ume.<\/p>\n\n\n\n<figure class=\"wp-block-gallery has-nested-images columns-default is-cropped wp-block-gallery-2 is-layout-flex wp-block-gallery-is-layout-flex\">\n<figure class=\"wp-block-image size-large\"><img loading=\"lazy\" decoding=\"async\" width=\"500\" height=\"403\" data-id=\"6975\" src=\"https:\/\/aktion-eichhoernchen.de\/wp_aktion\/wp-content\/uploads\/2024\/02\/2018_04_10_171815.jpg\" alt=\"\" class=\"wp-image-6975\" srcset=\"https:\/\/aktion-eichhoernchen.de\/wp_aktion\/wp-content\/uploads\/2024\/02\/2018_04_10_171815.jpg 500w, https:\/\/aktion-eichhoernchen.de\/wp_aktion\/wp-content\/uploads\/2024\/02\/2018_04_10_171815-300x242.jpg 300w\" sizes=\"auto, (max-width: 500px) 100vw, 500px\" \/><figcaption class=\"wp-element-caption\">Swiffy bei &#8222;Ankunft&#8220;<\/figcaption><\/figure>\n\n\n\n<figure class=\"wp-block-image size-large\"><img loading=\"lazy\" decoding=\"async\" width=\"500\" height=\"316\" data-id=\"6976\" src=\"https:\/\/aktion-eichhoernchen.de\/wp_aktion\/wp-content\/uploads\/2024\/02\/2018_06_24_125104.jpg\" alt=\"\" class=\"wp-image-6976\" srcset=\"https:\/\/aktion-eichhoernchen.de\/wp_aktion\/wp-content\/uploads\/2024\/02\/2018_06_24_125104.jpg 500w, https:\/\/aktion-eichhoernchen.de\/wp_aktion\/wp-content\/uploads\/2024\/02\/2018_06_24_125104-300x190.jpg 300w\" sizes=\"auto, (max-width: 500px) 100vw, 500px\" \/><figcaption class=\"wp-element-caption\">Swiffy kurz bevor sie gehen musste &#8230;<\/figcaption><\/figure>\n<\/figure>\n\n\n\n<p>Wir hoffen, dass unsere nachfolgenden Generationen &#8222;unsere&#8220; Eichh\u00f6rnchen nicht nur noch aus Erz\u00e4hlungen oder alten Webseiten oder B\u00fcchern kennen &#8230;f\u00fcr uns eine schreckliche Vorstellung.<\/p>\n\n\n\n<p><br>Steffi und Werner Schmitz<\/p>\n","protected":false},"excerpt":{"rendered":"<p>Warum uns Eichh\u00f6rnchen nicht egal sein sollten: &nbsp;Das \u201eEurop\u00e4ische Eichh\u00f6rnchen\u201c (sciurus vulgaris) ist in seiner Existenz bedroht: Eichh\u00f6rnchen k\u00f6nnen unsere Hilfe gut gebrauchen, es ist nach unserer Meinung auch nur <a class=\"more-link\" href=\"https:\/\/aktion-eichhoernchen.de\/wp_aktion\/?page_id=11\">Continue Reading &rarr;<\/a><\/p>\n","protected":false},"author":1,"featured_media":0,"parent":0,"menu_order":0,"comment_status":"closed","ping_status":"closed","template":"","meta":{"footnotes":""},"class_list":["post-11","page","type-page","status-publish","hentry"],"_links":{"self":[{"href":"https:\/\/aktion-eichhoernchen.de\/wp_aktion\/index.php?rest_route=\/wp\/v2\/pages\/11","targetHints":{"allow":["GET"]}}],"collection":[{"href":"https:\/\/aktion-eichhoernchen.de\/wp_aktion\/index.php?rest_route=\/wp\/v2\/pages"}],"about":[{"href":"https:\/\/aktion-eichhoernchen.de\/wp_aktion\/index.php?rest_route=\/wp\/v2\/types\/page"}],"author":[{"embeddable":true,"href":"https:\/\/aktion-eichhoernchen.de\/wp_aktion\/index.php?rest_route=\/wp\/v2\/users\/1"}],"replies":[{"embeddable":true,"href":"https:\/\/aktion-eichhoernchen.de\/wp_aktion\/index.php?rest_route=%2Fwp%2Fv2%2Fcomments&post=11"}],"version-history":[{"count":11,"href":"https:\/\/aktion-eichhoernchen.de\/wp_aktion\/index.php?rest_route=\/wp\/v2\/pages\/11\/revisions"}],"predecessor-version":[{"id":11985,"href":"https:\/\/aktion-eichhoernchen.de\/wp_aktion\/index.php?rest_route=\/wp\/v2\/pages\/11\/revisions\/11985"}],"wp:attachment":[{"href":"https:\/\/aktion-eichhoernchen.de\/wp_aktion\/index.php?rest_route=%2Fwp%2Fv2%2Fmedia&parent=11"}],"curies":[{"name":"wp","href":"https:\/\/api.w.org\/{rel}","templated":true}]}}

<h2 class="wp-block-heading"><strong>Warum uns Eichhörnchen nicht egal sein sollten:</strong><br></h2>



<p>&nbsp;Das „Europäische Eichhörnchen“ (sciurus vulgaris) ist in seiner Existenz bedroht:</p>


<div class="wp-block-image">
<figure class="aligncenter size-full"><img loading="lazy" decoding="async" width="500" height="388" src="https://aktion-eichhoernchen.de/wp_aktion/wp-content/uploads/2024/02/2023_11_20_095740.jpg" alt="" class="wp-image-6974" srcset="https://aktion-eichhoernchen.de/wp_aktion/wp-content/uploads/2024/02/2023_11_20_095740.jpg 500w, https://aktion-eichhoernchen.de/wp_aktion/wp-content/uploads/2024/02/2023_11_20_095740-300x233.jpg 300w" sizes="auto, (max-width: 500px) 100vw, 500px" /></figure>
</div>


<p></p>



<ul class="wp-block-list">
<li>durch zunehmende <strong>Dezimierung Ihres Lebensraums</strong> (insbesondere die Nadelwälder mit den Zapfen und Samen); diese Einschnitte in ihre Lebensräume werden überwiegend von Menschen gemacht, es ist also u.E. unsere Pflicht, ihnen geeignete Lebensräume wieder zur Verfügung zu stellen, wenn auch im Sinne von Parkanlagen mit alten Baumbeständen, natürlichen Wäldern mit Todholz, Rückzugsgebiete und Baumalleen, über die sie von einem zum nächsten Revier gefahrlos übersiedeln können</li>



<li>durch Wetterereignisse wie:<strong> kapitale Stürme mit den entsprechenden Schäden</strong> aber auch <strong>Überschwemmungen,</strong> die Bäume entwurzeln und ganze Landstriche und damit Lebensräume verändern und <strong>Behausungen der Eichhörnchen (Kobel)</strong> in den Bäumen zerstören.</li>



<li>durch <strong>klimatische Bedingungen</strong> wie z.B. die besonders langen und warmen Sommer und die daraus folgende Trockenheit und Gefahren eines übermäßigen Schädlingbefalls </li>



<li>durch die <strong>nordamerikanischen Grauhörnchen</strong>:<br>in jedem Winter hören wir Gerüchte aus der Region Bodensee, dass Grauhörnchen gesichtet wurden. Aktuell stehen sie noch (!) in Norditalien und Großbritannien, bisher gibt es noch keine gesicherten, nachgewiesenen Exemplare in Deutschland. Denn Achtung: nicht unsere winter-grau-befellten europäischen Eichhörnchen mit Grauhörnchen verwechseln! Einen detailierten Vergleich findet man hier: <a href="https://aktion-eichhoernchen.de/wp_aktion/?page_id=6690" data-type="link" data-id="https://aktion-eichhoernchen.de/wp_aktion/?page_id=6690">Europäisches Eichhörnchen vs. Grauhörnchen</a></li>
</ul>



<p><br>Eichhörnchen können unsere Hilfe gut gebrauchen, es ist nach <strong>unserer</strong> Meinung auch nur billig und gerecht, wenn wir uns um sie bemühen, schließlich tragen wir auch einen großen Teil Schuld an ihrer Situation. Immerhin scheint die aktuelle Diskussion um die Folgen des Klimawandels einiges zu bewegen, hoffentlich ist es nicht schon zu spät.<br>Die aktuellen Meldungen über Borkenkäferbefall sind alarmierend, und wer in Südtirol die Schneisen der Verwüstung gesehen hat, die ein Sturm dort mal eben so angerichtet hat, wird wohl das schlimmste befürchten.</p>



<figure class="wp-block-image size-large"><img loading="lazy" decoding="async" width="800" height="600" src="https://aktion-eichhoernchen.de/wp_aktion/wp-content/uploads/2021/01/waldschaeden.jpg" alt="Waldschäden in Südtirol 2019" class="wp-image-51" srcset="https://aktion-eichhoernchen.de/wp_aktion/wp-content/uploads/2021/01/waldschaeden.jpg 800w, https://aktion-eichhoernchen.de/wp_aktion/wp-content/uploads/2021/01/waldschaeden-300x225.jpg 300w, https://aktion-eichhoernchen.de/wp_aktion/wp-content/uploads/2021/01/waldschaeden-768x576.jpg 768w" sizes="auto, (max-width: 800px) 100vw, 800px" /><figcaption class="wp-element-caption">Waldschäden in Südtirol 2019</figcaption></figure>



<p>Die <strong>heimischen Wälder</strong>, zumindest hier in der Region Ruhrgebiet/nördliches Sauerland, sind in einem <strong>beklagenswerten Zustand </strong>und vermutlich so, wie sie sich bisher darstellten, kaum noch zu retten.<br><br>Der Schwarzwälder Bote schreibt in einem <a href="https://www.schwarzwaelder-bote.de/inhalt.baden-wuerttemberg-eichhoernchen-stehen-vor-ungewisser-zukunft.d5862dd8-1207-4774-b483-fd1b3d9ff16b.html">Artikel</a> über die ungewisse Zukunft von unseren europäischen Eichhörnchen, darin wird der Nabu-Experte und Eichhörnchen-Buchautor Stefan Bosch zitiert, der meint, die Ernährungslage der Hörnchen sei im Moment gut &#8211; wir beobachten jedoch an unseren eigenen Pfleglingen, aber auch an denen anderer Stationen und den Veröffentlichungen im Netz auf den üblichen Kanälen, dass praktisch<strong> alle &#8222;Hörnchenretter&#8220; beklagen</strong>, dass die <strong>gefundenen Hörnchen anders als in den letzten Jahren deutlich kleiner und weniger entwickelt sind</strong>, als sie nach ihrem Lebensalter sein sollten, oftmals sind regelrechte <strong>Mangelhörnchen </strong>darunter. Nach unserer, natürlich nicht wissenschaftlich belegten Beobachtung, sind Nuss-, Bucheckern- und Zapfenernte z.B. deutlich schlechter als in den Jahren zuvor, und die zu kleinen Hörnchen holen den Rückstand auch durch angepasste Ernährung nicht mehr wirklich auf, sie bleiben einfach kleiner als ihre Artgenossen, wobei schon in den Rettungsstationen die Sterblichkeitsrate im Vergleich zu den Vorjahren deutlich steigt. </p>



<p>Hierzu passt auch der aktuelle Waldzustandsbericht des Ministeriums für Umwelt des Landes NRW, der den Eindruck mit Zahlen belegt, aber auch eine Strategie für die Aufforstung darlegt. Inwieweit das fundiert ist, können wir nicht beurteilen, wenn man aber weiß, dass eine Buche ca. 60 Jahre benötigt, bis sie Bucheckern abwirft, kann man ahnen, über welche zeitlichen Perspektiven wir sprechen.</p>



<p>In einem Zeitungsartikel vom 14.12.20 (Hellweger Anzeiger Unna) war zu lesen, dass im<strong> Nationalpark Harz</strong> der Wald verändert werden soll, dort sind riesige Flächen mit alten Fichten abgestorben und sollen ersetzt werden durch Laubbäume wie Rotbuchen, Ebereschen, Moorbirken, Bergahorne, Feldahorne, Weiden, Roterlen und auch einige Sommerlinden. Das braucht natürlich viele Jahre, da hilft im Moment wohl nur Geduld.<br><br>Es ist tatsächlich an der Zeit, sich <strong>erhebliche Sorgen um den Fortbestand der Spezies </strong>zu machen &#8211; vielleicht spüren wir das langsame Verschwinden des heimischen Eichhörnchens noch nicht sofort, eben weil wir sie in den Städten und Dörfern so oft sehen, aber das ist ein Trugschluss. Gerade weil wir sie so in unserer Nähe sehen, sind sie gefährdet. Ihr Lebensraum Wald ist/wird zerstört, also müssen sie sich anpassen und neue Lebensräume erschließen, um überleben zu können. Und das gilt nicht nur für die Eichhörnchen, auch Igel, Fuchs, Dachs und die invasiven Arten wie Waschbär und Nutria brauchen und suchen sich Lebensräume.</p>



<figure class="wp-block-gallery has-nested-images columns-default is-cropped wp-block-gallery-2 is-layout-flex wp-block-gallery-is-layout-flex">
<figure class="wp-block-image size-large"><img loading="lazy" decoding="async" width="500" height="403" data-id="6975" src="https://aktion-eichhoernchen.de/wp_aktion/wp-content/uploads/2024/02/2018_04_10_171815.jpg" alt="" class="wp-image-6975" srcset="https://aktion-eichhoernchen.de/wp_aktion/wp-content/uploads/2024/02/2018_04_10_171815.jpg 500w, https://aktion-eichhoernchen.de/wp_aktion/wp-content/uploads/2024/02/2018_04_10_171815-300x242.jpg 300w" sizes="auto, (max-width: 500px) 100vw, 500px" /><figcaption class="wp-element-caption">Swiffy bei &#8222;Ankunft&#8220;</figcaption></figure>



<figure class="wp-block-image size-large"><img loading="lazy" decoding="async" width="500" height="316" data-id="6976" src="https://aktion-eichhoernchen.de/wp_aktion/wp-content/uploads/2024/02/2018_06_24_125104.jpg" alt="" class="wp-image-6976" srcset="https://aktion-eichhoernchen.de/wp_aktion/wp-content/uploads/2024/02/2018_06_24_125104.jpg 500w, https://aktion-eichhoernchen.de/wp_aktion/wp-content/uploads/2024/02/2018_06_24_125104-300x190.jpg 300w" sizes="auto, (max-width: 500px) 100vw, 500px" /><figcaption class="wp-element-caption">Swiffy kurz bevor sie gehen musste &#8230;</figcaption></figure>
</figure>



<p>Wir hoffen, dass unsere nachfolgenden Generationen &#8222;unsere&#8220; Eichhörnchen nicht nur noch aus Erzählungen oder alten Webseiten oder Büchern kennen &#8230;für uns eine schreckliche Vorstellung.</p>



<p><br>Steffi und Werner Schmitz</p>

<p>Warum uns Eichhörnchen nicht egal sein sollten: &nbsp;Das „Europäische Eichhörnchen“ (sciurus vulgaris) ist in seiner Existenz bedroht: Eichhörnchen können unsere Hilfe gut gebrauchen, es ist nach unserer Meinung auch nur <a class="more-link" href="https://aktion-eichhoernchen.de/wp_aktion/?page_id=11">Continue Reading &rarr;</a></p>
